+ 2*k**2 - 3*k - 3. Let m be r(-2). Suppose 0 = -q + 3*f + m, 0*f = -5*q + 5*f + 35. Calculate the remainder when 25 is divided by q.
7
Let w be (-3)/2*1232/(-24). Let r = -51 + w. What is the remainder when r is divided by 15?
11
Let a = -6 - -95. What is the remainder when a is divided by 24?
17
Calculate the remainder when (-89)/(-1) - (-30)/10 is divided by 24.
20
Let a(j) = -j + 145. Let t be a(0). Suppose c = 4*n + t, -3*c - 3*n = -263 - 142. Suppose -26 = 3*m - c. What is the remainder when m is divided by 13?
11
Suppose g - 3*i + 0*i - 38 = 0, -5*i - 25 = 0. Suppose 3*t - 4*s - 20 = 0, -3*t + 0*t = 4*s - 52. What is the remainder when g is divided by t?
11
Let a be (-1)/3*(-7 + -5). Suppose 149 = a*k + w, 2*k + 2*k - 3*w = 145. Let g(z) = 4*z - 5. Calculate the remainder when k is divided by g(6).
18
Suppose 2*v + 3*f - 157 = -2*f, 0 = v - 5*f - 86. What is the remainder when v is divided by 21?
18
Suppose 3*z - 35 - 46 = 0. Let t be (-76)/(-18) - 6/z. Suppose -2*b = -t*b + 12. What is the remainder when 11 is divided by b?
5
Let l = -78 + 163. What is the remainder when l is divided by (-4 + 3)/(1/(-29))?
27
Suppose -5*w + 2 + 178 = 0. Suppose -16*y + 20*y = w. Suppose o + o - 68 = 0. Calculate the remainder when o is divided by y.
7
Let s(r) = -r + 3. Let f(v) = v**2 + 7*v - 8. Let z be f(-8). What is the remainder when 8 is divided by s(z)?
2
Suppose 2*o + 85 = -3*o. Let p be o/(-5) + 4/(-10). Suppose 13 = 2*t - p. Calculate the remainder when t is divided by 3.
2
Let u = 52 - -53. What is the remainder when u is divided by 12?
9
Suppose 0 = 5*a + 5*v - 270, -3*a - 4*v + 157 = -2*v. What is the remainder when 97 is divided by a?
48
Suppose -5*i = 2*m - 48, -i - i + 94 = 3*m. Calculate the remainder when 168 is divided by m.
32
Suppose -23 + 5 = -3*z - 3*g, g - 16 = -3*z. What is the remainder when 28 is divided by z?
3
Let q = 5 + -9. What is the remainder when 1 - (-162)/(-1 - q) is divided by (-28)/3*39/(-26)?
13
Let m(v) = -10*v**2. Let i be m(-1). Let d(x) = -x**3 - 10*x**2 - 3*x - 7. Calculate the remainder when d(i) is divided by 8.
7
Suppose -13 = -3*l - 4. Suppose -g + l*g = -3*i + 29, -5*i = 25. Calculate the remainder when 64 is divided by g.
20
Suppose -5*k - 94 = -3*x, 2*x + 2 = 8. Let f = 27 + k. Let v(w) = w**3 - 9*w**2 - 9*w - 3. Calculate the remainder when 26 is divided by v(f).
5
Let w = -8 + 23. What is the remainder when 35 is divided by w?
5
What is the remainder when 27 is divided by -1 - -1 - -3*5?
12
Suppose 3 + 1 = j. Suppose h - 56 = -4*x, -2*x + j*h = -0*h - 46. What is the remainder when (2/(-3))/((-2)/132) is divided by x?
14
Suppose 8*c - 3*k = 3*c + 20, -3*c = 2*k - 12. Let n(q) = 1 + q**3 - 1 - 7*q**2 - c*q - 7. What is the remainder when n(8) is divided by 13?
12
What is the remainder when 7 is divided by (55/10 - 4)*2?
1
Let p(k) = 6*k - 35. Let x(z) = 2*z - 12. Let b(s) = -2*p(s) + 7*x(s). Calculate the remainder when b(10) is divided by 4.
2
Let d(m) = m**3 + 9*m**2 + 7*m + 1. Let v be d(-8). Suppose 2*r - j = -8, -3 - v = 4*r - j. Calculate the remainder when -1*((-2)/r - 3) is divided by 1.
0
Suppose 10 = 7*w - 2*w. Suppose -4*c = -2*t - 0 + 4, w*t + 5*c = 4. Let z = 6 - t. Calculate the remainder when 11 is divided by z.
3
Let a = 4 - -1. Suppose 4*k - a*k = -11. Let m = k + -5. What is the remainder when m is divided by 4?
2
Let k be 2*(1/2 - -1). Let y be k/9*2*3. Suppose y*w = -3*w + 25. Calculate the remainder when 14 is divided by w.
4
Suppose 2*p - p + 1 = 0. Let h = p - -1. Suppose -3*j - 3 + 12 = h. Calculate the remainder when 3 is divided by j.
0
Let i = -3 - 0. Calculate the remainder when 47 is divided by ((-16)/(-3))/((-1)/i).
15
Let a(s) = -6*s - 38. What is the remainder when a(-9) is divided by 6?
4
Let q(s) = s**3 - 6*s**2 + 6*s - 2. Let k be q(5). Suppose -3*x + 33 = 5*i - 259, 4*i = -k*x + 233. Calculate the remainder when i is divided by 15.
14
Suppose -38 = -5*p + 22. What is the remainder when 47 is divided by p?
11
Suppose -15*d + 41 = -14*d. Calculate the remainder when d is divided by 22.
19
Let h = 58 - -4. What is the remainder when h is divided by 13?
10
Suppose 0 = -5*l + 4*x + 31, 20 = 6*l - 2*l - 2*x. What is the remainder when 4 is divided by l?
1
Suppose 0 = -12*b + 14*b - 234. What is the remainder when b is divided by 30?
27
Let f = -25 - 13. Let c = 58 + f. Calculate the remainder when 79 is divided by c.
19
Let h(d) = d**3 + 7*d**2 + 2*d + 3. What is the remainder when 170 is divided by h(-5)?
41
Suppose 0 = -3*w + 79 + 20. Calculate the remainder when w is divided by 17.
16
Let k = 76 + -54. What is the remainder when 87 is divided by k?
21
Let y = -6 + 9. Suppose -4*n + y*n + 3 = 0. Suppose -n*z + 22 = 5*s, -7*s = 4*z - 2*s - 36. Calculate the remainder when z is divided by 8.
6
Let w = 42 - 21. Let p = -135 + 196. Calculate the remainder when p is divided by w.
19
Suppose -p + 4*q = -2*p + 34, 2*q = 2*p - 58. What is the remainder when 117 is divided by p?
27
Suppose -q - q + 10 = 0. Let c(d) = d - 1. Let y be c(3). Suppose 0 = -4*v - 5*r + 57, 6*v - y*v - 5*r = 7. Calculate the remainder when v is divided by q.
3
What is the remainder when 62 is divided by (2*9/3)/(6/16)?
14
Suppose -4*z = 47 + 17. Let f be z/((-1)/1) - 1. Let u = f - 5. Calculate the remainder when 29 is divided by u.
9
Let g(n) = 5*n**2 + 3*n - 3. What is the remainder when g(-5) is divided by 22?
19
Let v be (-1)/(2 + -1 + -2). Let f(l) = 16*l - 1. What is the remainder when 28 is divided by f(v)?
13
Suppose -4*z + 13 = 5. Let v(a) = -a**2 + 6*a - 5. Let y be v(4). Suppose 2*m + y - 7 = 0. What is the remainder when z is divided by m?
0
Let z(b) = b + 12. Let y(j) = j + 3. Let h be y(3). Calculate the remainder when h/15 - (-76)/10 is divided by z(-9).
2
Let j(f) = -3*f - 18. Calculate the remainder when 47 is divided by j(-14).
23
Let p = -52 + 68. Calculate the remainder when 58 is divided by p.
10
Suppose -13 = -4*m + 3*m. Let c(p) = 2*p**2 + 13*p + 14. Let l be c(-11). Suppose -3*b + 2 = -1, 3*o = -2*b + l. What is the remainder when o is divided by m?
11
Let v = -14 - -4. Let l = v + 19. What is the remainder when 44 is divided by l?
8
Suppose n = -5*r + 16, 11 = -4*n - 2*r + 7*r. Calculate the remainder when 39 is divided by (n - 2) + 24 + -3.
19
Suppose 2*s - v + 6 = 3*v, v = 3*s - 6. Suppose -s*k - j + 42 = 0, k + 2*j = -0*k + 14. Suppose -m + k = -36. Calculate the remainder when m is divided by 17.
16
Suppose 0 = -2*j + 5*r + 84, 0*j - 76 = -3*j - 5*r. Suppose 4*l + 5*i - 4 = 0, -4*l + 3*i = -j - 4. What is the remainder when 17 is divided by l?
5
Suppose -3*b + 2 = -4. Suppose -b*r + 4*r = 30. What is the remainder when r is divided by 8?
7
Let h = -11 - -23. Suppose -2*v + 5*a + 173 = 0, 0 = -3*v - 5*a + 313 - 41. Let n = -55 + v. Calculate the remainder when n is divided by h.
10
Let f = -89 + 170. Suppose y - 37 = -2*j, -4*j - 4*y = -9*y - f. Suppose -2*b + j = -b. Calculate the remainder when b is divided by 10.
9
Suppose -7*c - 7*c + 1064 = 0. Calculate the remainder when c is divided by 26.
24
Suppose -4*w + 853 = 217. What is the remainder when w is divided by 27?
24
Suppose -4*r - 8 + 60 = 0. What is the remainder when r is divided by 4?
1
Let z = -27 + 35. Suppose 3*x + 0*x = 15. Calculate the remainder when z is divided by x.
3
Suppose -3*m + 39 = 5*k, -84 = -4*m + 2*k + 2*k. Suppose -5*h + 67 = -m. What is the remainder when h is divided by 5?
2
Let z = 20 - -5. Suppose -d = 2*s - 63, -2*s + 5 = -3*s. What is the remainder when d is divided by z?
23
Let i(x) = 4*x + 7. What is the remainder when i(8) is divided by 14?
11
Let y(m) = -11*m**3 - 5*m**2 - 5. Let s(z) = 5*z**3 + 2*z**2 + 2. Let h(i) = -5*s(i) - 2*y(i). Calculate the remainder when h(-2) is divided by 13.
11
What is the remainder when 23 is divided by (-5 - -9) + (-8)/(-1)?
11
Suppose -t = -2*c + 12, -4*c + t + 17 = -9. Calculate the remainder when (78/4)/((-6)/(-8)) is divided by c.
5
Suppose 4*d = u + 405, -4*d + 120 + 300 = 4*u. Calculate the remainder when (-4 - 1)*d/(-5) is divided by 26.
24
Let z(q) = -q**2 + 5*q + 3. Suppose w + 0 = 5. Let t be z(w). Suppose t*y = -y + 68. What is the remainder when 33 is divided by y?
16
Let o = 37 + -14. Suppose 36 = 5*n + 4*w - o, 0 = -5*w + 5. What is t